3)/(-21)*0. Suppose g = 5*y - 405 + 210. What is the highest common factor of 156 and y?
39
Let n(f) = -148*f + 0 + 118 + 242*f - 130*f. Let r be n(3). What is the greatest common factor of 70 and r?
10
Suppose 5 + 63 = 2*r + 4*c, 0 = 2*r - 8*c - 128. Calculate the greatest common divisor of 66 and r.
22
Let a = -5586 + 6945. Calculate the greatest common divisor of 151 and a.
151
Let k(w) = w**2 + 46*w + 246. Let p be k(-40). Calculate the highest common factor of p and 526.
2
Suppose -3*a + 160 + 98 = 3*l, 2*l - 3*a - 177 = 0. Let v = -521270 + 521502. What is the greatest common divisor of l and v?
29
Let j(f) = -4*f**3 - 127*f**2 - 45*f + 96. Let c be j(-32). What is the highest common factor of c and 1120?
160
Suppose -2527 = 22*j - 3*j. Let l be (-3)/(-15) + j/(-35). What is the highest common factor of 212 and l?
4
Let r(q) = -q**3 + 7*q**2 + 5*q + 18. Let i be r(-4). Calculate the greatest common divisor of i and 48.
6
Let z be 2/(-5) + (-6074)/(-10). Let d = -55 + z. Suppose 0 = -w + 2*w + l - 136, d = 4*w + 2*l. What is the greatest common factor of 56 and w?
28
Let z(w) = -514*w - 3286. Let i be z(-14). Calculate the greatest common divisor of i and 68.
34
Let b(y) = y**3 - 9*y**2 + 10*y - 12. Let p be b(8). Suppose -237 + 853 = p*m. Let s = m + 80. Calculate the greatest common factor of s and 26.
26
Let h be 18 + 0/2 + 0. Let d be (-3)/((2205/(-45))/735). Calculate the greatest common divisor of h and d.
9
Let u be -4 - -269 - (10/4)/(2/4). What is the highest common divisor of 16 and u?
4
Let c = 19314 - 18383. What is the greatest common factor of 380 and c?
19
Let j be (47*5 - 1)*(-3762)/(-396). Calculate the highest common divisor of 429 and j.
39
Let x(o) = 18*o - 168. Let k be x(11). Let g be ((16/14)/(-2))/(18/(-189)). Calculate the greatest common divisor of k and g.
6
Suppose 50*w + 4*p - 1580 = 46*w, -4*w + 1556 = -2*p. What is the highest common divisor of 713 and w?
23
Let b = 14 + 12. Suppose -9*k = -22*k + b. Suppose k*u - 3*u + 98 = 0. Calculate the highest common divisor of u and 14.
14
Let h be (3 - 70/(-9)) + 4/18. Suppose -j + m = -12, 5*j - 37 = 4*m + 25. Let k be (-4)/j - (-310)/7. What is the highest common factor of h and k?
11
Let o be 2667/24 + -2 - (-1)/(-8). Calculate the highest common divisor of 1744 and o.
109
Suppose a = -5*j + 26, -5*a = -2*j + j. Suppose -4*c + 21 = j. Suppose -6*n + 3*n = -132. Calculate the highest common factor of c and n.
4
Let a be (36/(-8))/((-60)/87040). What is the highest common divisor of a and 102?
102
Let q be (-3 - 0)*-4*1. Let o be (-6)/(2 + (-292)/140). Let p be (-108)/(-14) + -5*(-4)/o. Calculate the greatest common divisor of q and p.
4
Let d = 2214 - 1411. What is the highest common factor of 219 and d?
73
Let z(h) = -7*h + 1. Let c be z(-1). Suppose -387 = -12*r - 27. Suppose -3*y + r = 24. Calculate the highest common divisor of c and y.
2
Suppose 618*t + 196 = 622*t. Calculate the greatest common divisor of 2793 and t.
49
Suppose -5 = 5*s, 0 = -2*v + 3*v + s - 61. Let p = -595 + 812. Calculate the highest common divisor of v and p.
31
Let a(h) = h**3 + 59*h**2 + 326*h + 67. Let p be a(-52). What is the greatest common divisor of p and 117?
9
Let m = -508 - -645. Let n = m + -135. What is the greatest common divisor of n and 41?
1
Suppose -9*l - 891 = -0*l. Let o be -2 + 3 - l - (-1 - 3). Calculate the greatest common factor of o and 156.
52
Let x = -667 - -1759. Calculate the greatest common divisor of x and 72.
12
Let i(d) = 3*d**2 - 8*d - 14. Let h be i(-2). Let b be 571 - (4/(-6))/(2/9). Calculate the highest common factor of b and h.
14
Let k = -76 - -1244. Calculate the highest common divisor of k and 48.
16
Let b(z) = 41*z + 517. Let w be b(-12). What is the greatest common factor of w and 2?
1
Suppose -2*d + 50 = 3*d. Let q = 29 + -25. Suppose 5*x - 84 - 161 = -3*r, -q*r + 3*x = -317. What is the highest common factor of r and d?
10
Let w(t) = t**3 + 82*t**2 + 1508*t - 118. Let n be w(-54). Suppose 284 = 4*q - 4*r, -4*q - 2*r = -121 - 157. What is the greatest common divisor of q and n?
14
Suppose 12*j = -8*j + 24380. Suppose t - j = -3*q + 4540, q - t = 1917. Calculate the greatest common factor of 101 and q.
101
Suppose -4*h + 12 = 4*y, -h + 2*y = -0*h - 9. Suppose -l + 15 = -h. Let v be 10/40 + 1758/8. Calculate the greatest common divisor of l and v.
20
Let d = -57 - 6. Let f = d - -62. Let x(p) = -p**3 + p**2 + p + 1. Let w be x(f). Calculate the highest common factor of w and 18.
2
Let q(s) = -1. Let j(l) = -15 + 6 + 4 - 6*l + 1. Let g(x) = j(x) + q(x). Let m be g(-2). What is the greatest common divisor of m and 63?
7
Let v(l) = 86*l + 180. Let q be v(-2). Calculate the highest common divisor of 53 and q.
1
Let i be ((-11)/(-55) - 7/5)*-3140. Calculate the highest common divisor of i and 12.
12
Suppose w - 814 = -w. Let b = w + -359. Calculate the greatest common factor of 12 and b.
12
Suppose -2*r + 5*c = -366, 632*c = 3*r + 636*c - 549. Calculate the highest common divisor of r and 671.
61
Let r be -7 + 18/6 + 5. Suppose -o = -1, 3*k - 11 = -k + o. Suppose 3*w = 30 - k. What is the highest common divisor of w and r?
1
Let d be ((-26)/(-8))/(4 - 94/24). Let c = 78 - d. Calculate the greatest common divisor of c and 117.
39
Let u(m) = -12*m - 458. Let t be u(-56). Calculate the highest common divisor of 4 and t.
2
Let q(w) = -282*w + 6802. Let v be q(24). What is the greatest common divisor of v and 2125?
17
Suppose -12*c = -4*c - 24. Suppose v + 2*v - 93 = -c*p, -2*p + 2*v + 58 = 0. Let q be 7/(28/(-16))*3/(-2). Calculate the greatest common factor of q and p.
6
Let n be 60/((-20)/(-32) - (-3)/24). Let m(k) = -23*k + 2. Let h be m(-2). What is the highest common divisor of h and n?
16
Let o = 1051 + -1048. Let i = 15 - 11. Suppose i = 4*w - 4. What is the greatest common factor of w and o?
1
Let d = 3013 - 2848. Calculate the greatest common divisor of d and 135.
15
Suppose -4*d + 4*l + 1028 = -0*l, -1028 = -4*d - 4*l. Let i = d - 245. Calculate the greatest common factor of 44 and i.
4
Let f = -58 + 62. Suppose -3*m = p + p - 118, -4*p + 236 = f*m. Suppose 0 = -2*a + 13 + p. What is the highest common divisor of 252 and a?
36
Let m(n) = -1315*n + 83. Let z be m(-1). What is the highest common divisor of z and 4?
2
Suppose 9*b - 19 = -4*n + 4*b, n + 5*b = 1. Suppose n*w - 4 = 4*w. Suppose 0 = -6*t - w*t + 192. What is the highest common divisor of 6 and t?
6
Let z = -35670 + 37318. What is the greatest common divisor of z and 5562?
206
Let u be (22/(-6))/(0 + 5/(-525)). Suppose -3*n = -8*n + u. Let i(y) = y**3 + 5*y**2 - 17*y - 14. Let b be i(-7). What is the highest common factor of n and b?
7
Let k(w) = -w**3 + 7*w**2 + 6*w. Let b be k(7). Suppose -3*d + 280 = 2*q, d - 63 = q + 42. Calculate the highest common factor of b and d.
14
Suppose 0 = 13*l - 55 - 10. Suppose -4*x - 6 = -13*h + 11*h, -l*h - x + 59 = 0. What is the highest common divisor of h and 253?
11
Let g = 449 + -302. Let i = 268 - g. Calculate the greatest common factor of 44 and i.
11
Let v = -125118 - -125154. Let x(w) = 5*w**2 - w. Let z be x(-3). What is the highest common factor of z and v?
12
Let u be (-1626)/(-16) - (-15)/40. Calculate the highest common divisor of 258 and u.
6
Let r(q) = -q**2 - 12*q - 59. Let i be r(-5). Let y be (800/70)/(i/14 - -2). What is the greatest common divisor of 80 and y?
40
Let w be (-810)/(-105) + 72/(-42). What is the greatest common factor of 1074 and w?
6
Suppose -2*b + 321 = -9. What is the greatest common divisor of b and 36?
3
Let o be 2/4*(-6 - (-6)/1). Suppose 19*u - 14*u - 20 = o. What is the highest common divisor of u and 8?
4
Let h = -26975 + 29665. Calculate the greatest common factor of h and 10.
10
Let s(r) = -7*r**2 + 13 - 2 + r**3 + 8*r + 12 - 9 + 4. Let y be s(4). What is the greatest common divisor of y and 86?
2
Suppose d + 37 = g, -10 - 2 = 3*d. Suppose 3264 = g*u - 21*u. What is the highest common factor of 34 and u?
34
Let k be (-9870)/12*100/(-175). Calculate the greatest common factor of 30 and k.
10
Let t = -1013 + 1710. Let l(u) = -49*u - 375. Let z be l(-8). Calculate the highest common divisor of z and t.
17
Let f be (-6)/(-4)*(16 + (-6 - 8)). Suppose r - 4*r + 39 = -3*t, r - 4 = -2*t. Let q = -7 + r. What is